Last updated on 2022-04-08 01:48:46 CEST.
Flavor | Version | Tinstall | Tcheck | Ttotal | Status | Flags |
---|---|---|---|---|---|---|
r-devel-linux-x86_64-debian-clang | 0.1.1 | 8.46 | 332.62 | 341.08 | OK | |
r-devel-linux-x86_64-debian-gcc | 0.1.1 | 5.79 | 251.56 | 257.35 | OK | |
r-devel-linux-x86_64-fedora-clang | 0.1.1 | 390.94 | NOTE | |||
r-devel-linux-x86_64-fedora-gcc | 0.1.1 | 393.48 | NOTE | |||
r-devel-windows-x86_64-new-UL | 0.1.1 | 26.00 | 346.00 | 372.00 | OK | |
r-patched-linux-x86_64 | 0.1.1 | 5.67 | 315.43 | 321.10 | OK | |
r-release-linux-x86_64 | 0.1.1 | 5.83 | 305.03 | 310.86 | OK | |
r-release-macos-arm64 | 0.1.1 | NOTE | ||||
r-release-macos-x86_64 | 0.1.1 | NOTE | ||||
r-release-windows-ix86+x86_64 | 0.1.1 | 18.00 | 356.00 | 374.00 | OK | |
r-oldrel-macos-x86_64 | 0.1.1 | NOTE | ||||
r-oldrel-windows-ix86+x86_64 | 0.1.1 | 18.00 | 375.00 | 393.00 | OK |
Version: 0.1.1
Check: dependencies in R code
Result: NOTE
Namespace in Imports field not imported from: ‘spatstat’
All declared Imports should be used.
Flavors: r-devel-linux-x86_64-fedora-clang, r-devel-linux-x86_64-fedora-gcc, r-release-macos-arm64, r-release-macos-x86_64, r-oldrel-macos-x86_64