Last updated on 2022-04-08 01:48:46 CEST.
Flavor | Version | Tinstall | Tcheck | Ttotal | Status | Flags |
---|---|---|---|---|---|---|
r-devel-linux-x86_64-debian-clang | 0.2.0 | 2.29 | 39.16 | 41.45 | NOTE | |
r-devel-linux-x86_64-debian-gcc | 0.2.0 | 2.19 | 30.72 | 32.91 | NOTE | |
r-devel-linux-x86_64-fedora-clang | 0.2.0 | 51.20 | NOTE | |||
r-devel-linux-x86_64-fedora-gcc | 0.2.0 | 39.15 | NOTE | |||
r-devel-windows-x86_64-new-UL | 0.2.0 | 14.00 | 53.00 | 67.00 | NOTE | |
r-patched-linux-x86_64 | 0.2.0 | 1.90 | 37.92 | 39.82 | NOTE | |
r-release-linux-x86_64 | 0.2.0 | 2.11 | 37.47 | 39.58 | NOTE | |
r-release-macos-arm64 | 0.2.0 | NOTE | ||||
r-release-macos-x86_64 | 0.2.0 | NOTE | ||||
r-release-windows-ix86+x86_64 | 0.2.0 | 6.00 | 44.00 | 50.00 | NOTE | |
r-oldrel-macos-x86_64 | 0.2.0 | OK | ||||
r-oldrel-windows-ix86+x86_64 | 0.2.0 | 6.00 | 45.00 | 51.00 | OK |
Version: 0.2.0
Check: LazyData
Result: NOTE
'LazyData' is specified without a 'data' directory
Flavors: r-devel-linux-x86_64-debian-clang, r-devel-linux-x86_64-debian-gcc, r-devel-linux-x86_64-fedora-clang, r-devel-linux-x86_64-fedora-gcc, r-devel-windows-x86_64-new-UL, r-patched-linux-x86_64, r-release-linux-x86_64, r-release-macos-arm64, r-release-macos-x86_64, r-release-windows-ix86+x86_64