CRAN Package Check Results for Package forecastSNSTS

Last updated on 2022-04-08 01:48:46 CEST.

Flavor Version Tinstall Tcheck Ttotal Status Flags
r-devel-linux-x86_64-debian-clang 1.3-0 37.47 44.19 81.66 NOTE
r-devel-linux-x86_64-debian-gcc 1.3-0 27.52 34.15 61.67 NOTE
r-devel-linux-x86_64-fedora-clang 1.3-0 112.07 NOTE
r-devel-linux-x86_64-fedora-gcc 1.3-0 88.39 NOTE
r-devel-windows-x86_64-new-UL 1.3-0 58.00 88.00 146.00 NOTE
r-patched-linux-x86_64 1.3-0 27.24 42.04 69.28 NOTE
r-release-linux-x86_64 1.3-0 32.25 41.50 73.75 NOTE
r-release-macos-arm64 1.3-0 NOTE
r-release-macos-x86_64 1.3-0 NOTE
r-release-windows-ix86+x86_64 1.3-0 81.00 84.00 165.00 NOTE
r-oldrel-macos-x86_64 1.3-0 OK
r-oldrel-windows-ix86+x86_64 1.3-0 82.00 80.00 162.00 OK

Check Details

Version: 1.3-0
Check: LazyData
Result: NOTE
     'LazyData' is specified without a 'data' directory
Flavors: r-devel-linux-x86_64-debian-clang, r-devel-linux-x86_64-debian-gcc, r-devel-linux-x86_64-fedora-clang, r-devel-linux-x86_64-fedora-gcc, r-devel-windows-x86_64-new-UL, r-patched-linux-x86_64, r-release-linux-x86_64, r-release-macos-arm64, r-release-macos-x86_64, r-release-windows-ix86+x86_64