CRAN Package Check Results for Package foodingraph

Last updated on 2022-04-08 01:48:46 CEST.

Flavor Version Tinstall Tcheck Ttotal Status Flags
r-devel-linux-x86_64-debian-clang 0.1.0 8.56 259.39 267.95 NOTE
r-devel-linux-x86_64-debian-gcc 0.1.0 5.37 199.27 204.64 NOTE
r-devel-linux-x86_64-fedora-clang 0.1.0 315.11 NOTE
r-devel-linux-x86_64-fedora-gcc 0.1.0 313.51 NOTE
r-devel-windows-x86_64-new-UL 0.1.0 33.00 290.00 323.00 NOTE
r-patched-linux-x86_64 0.1.0 11.18 254.25 265.43 NOTE
r-release-linux-x86_64 0.1.0 4.86 82.65 87.51 NOTE
r-release-macos-arm64 0.1.0 NOTE
r-release-macos-x86_64 0.1.0 NOTE
r-release-windows-ix86+x86_64 0.1.0 21.00 98.00 119.00 NOTE
r-oldrel-macos-x86_64 0.1.0 NOTE
r-oldrel-windows-ix86+x86_64 0.1.0 21.00 96.00 117.00 OK

Check Details

Version: 0.1.0
Check: LazyData
Result: NOTE
     'LazyData' is specified without a 'data' directory
Flavors: r-devel-linux-x86_64-debian-clang, r-devel-linux-x86_64-debian-gcc, r-devel-linux-x86_64-fedora-clang, r-devel-linux-x86_64-fedora-gcc, r-devel-windows-x86_64-new-UL, r-patched-linux-x86_64, r-release-linux-x86_64, r-release-macos-arm64, r-release-macos-x86_64, r-release-windows-ix86+x86_64

Version: 0.1.0
Check: dependencies in R code
Result: NOTE
    Namespace in Imports field not imported from: ‘grid’
     All declared Imports should be used.
Flavors: r-devel-linux-x86_64-fedora-clang, r-devel-linux-x86_64-fedora-gcc, r-release-macos-arm64, r-release-macos-x86_64, r-oldrel-macos-x86_64

Version: 0.1.0
Check: package dependencies
Result: NOTE
    Package suggested but not available for checking: ‘minet’
Flavor: r-release-macos-arm64