CRAN Package Check Results for Package fmriqa

Last updated on 2022-04-08 01:48:46 CEST.

Flavor Version Tinstall Tcheck Ttotal Status Flags
r-devel-linux-x86_64-debian-clang 0.3.0 12.36 149.07 161.43 NOTE
r-devel-linux-x86_64-debian-gcc 0.3.0 8.67 111.03 119.70 NOTE
r-devel-linux-x86_64-fedora-clang 0.3.0 196.85 NOTE
r-devel-linux-x86_64-fedora-gcc 0.3.0 180.34 NOTE
r-devel-windows-x86_64-new-UL 0.3.0 18.00 152.00 170.00 NOTE
r-patched-linux-x86_64 0.3.0 13.00 141.38 154.38 NOTE
r-release-linux-x86_64 0.3.0 10.79 134.65 145.44 NOTE
r-release-macos-arm64 0.3.0 NOTE
r-release-macos-x86_64 0.3.0 NOTE
r-release-windows-ix86+x86_64 0.3.0 26.00 145.00 171.00 NOTE
r-oldrel-macos-x86_64 0.3.0 OK
r-oldrel-windows-ix86+x86_64 0.3.0 28.00 148.00 176.00 OK

Check Details

Version: 0.3.0
Check: LazyData
Result: NOTE
     'LazyData' is specified without a 'data' directory
Flavors: r-devel-linux-x86_64-debian-clang, r-devel-linux-x86_64-debian-gcc, r-devel-linux-x86_64-fedora-clang, r-devel-linux-x86_64-fedora-gcc, r-devel-windows-x86_64-new-UL, r-patched-linux-x86_64, r-release-linux-x86_64, r-release-macos-arm64, r-release-macos-x86_64, r-release-windows-ix86+x86_64