CRAN Package Check Results for Package flock

Last updated on 2022-04-08 01:48:46 CEST.

Flavor Version Tinstall Tcheck Ttotal Status Flags
r-devel-linux-x86_64-debian-clang 0.7 16.53 35.72 52.25 OK
r-devel-linux-x86_64-debian-gcc 0.7 13.37 28.33 41.70 OK
r-devel-linux-x86_64-fedora-clang 0.7 72.01 NOTE
r-devel-linux-x86_64-fedora-gcc 0.7 54.88 NOTE
r-devel-windows-x86_64-new-UL 0.7 22.00 73.00 95.00 OK
r-patched-linux-x86_64 0.7 12.64 34.62 47.26 OK
r-release-linux-x86_64 0.7 14.54 34.24 48.78 OK
r-release-macos-arm64 0.7 OK
r-release-macos-x86_64 0.7 OK
r-release-windows-ix86+x86_64 0.7 47.00 70.00 117.00 OK
r-oldrel-macos-x86_64 0.7 OK
r-oldrel-windows-ix86+x86_64 0.7 46.00 69.00 115.00 OK

Check Details

Version: 0.7
Check: compiled code
Result: NOTE
    File ‘flock/libs/flock.so’:
     Found no calls to: ‘R_registerRoutines’, ‘R_useDynamicSymbols’
    
    It is good practice to register native routines and to disable symbol
    search.
    
    See ‘Writing portable packages’ in the ‘Writing R Extensions’ manual.
Flavors: r-devel-linux-x86_64-fedora-clang, r-devel-linux-x86_64-fedora-gcc