Last updated on 2022-04-08 01:48:46 CEST.
Flavor | Version | Tinstall | Tcheck | Ttotal | Status | Flags |
---|---|---|---|---|---|---|
r-devel-linux-x86_64-debian-clang | 1.92 | 18.32 | 154.34 | 172.66 | OK | |
r-devel-linux-x86_64-debian-gcc | 1.92 | 14.55 | 111.98 | 126.53 | OK | |
r-devel-linux-x86_64-fedora-clang | 1.92 | 202.91 | NOTE | |||
r-devel-linux-x86_64-fedora-gcc | 1.92 | 183.11 | OK | |||
r-devel-windows-x86_64-new-UL | 1.92 | 24.00 | 159.00 | 183.00 | OK | |
r-patched-linux-x86_64 | 1.92 | 15.35 | 139.67 | 155.02 | OK | |
r-release-linux-x86_64 | 1.92 | 11.85 | 132.53 | 144.38 | OK | |
r-release-macos-arm64 | 1.92 | OK | ||||
r-release-macos-x86_64 | 1.92 | OK | ||||
r-release-windows-ix86+x86_64 | 1.92 | 37.00 | 149.00 | 186.00 | OK | |
r-oldrel-macos-x86_64 | 1.92 | OK | ||||
r-oldrel-windows-ix86+x86_64 | 1.92 | 38.00 | 152.00 | 190.00 | OK |
Version: 1.92
Check: Rd cross-references
Result: NOTE
Undeclared package ‘mixture’ in Rd xrefs
Flavor: r-devel-linux-x86_64-fedora-clang