Last updated on 2022-04-08 01:48:46 CEST.
Flavor | Version | Tinstall | Tcheck | Ttotal | Status | Flags |
---|---|---|---|---|---|---|
r-devel-linux-x86_64-debian-clang | 1.4.1-1 | 12.21 | 170.79 | 183.00 | OK | |
r-devel-linux-x86_64-debian-gcc | 1.4.1-1 | 8.74 | 122.53 | 131.27 | OK | |
r-devel-linux-x86_64-fedora-clang | 1.4.1-1 | 210.41 | NOTE | |||
r-devel-linux-x86_64-fedora-gcc | 1.4.1-1 | 199.01 | OK | |||
r-devel-windows-x86_64-new-UL | 1.4.1-1 | 196.00 | 206.00 | 402.00 | OK | |
r-patched-linux-x86_64 | 1.4.1-1 | 9.46 | 166.16 | 175.62 | OK | |
r-release-linux-x86_64 | 1.4.1-1 | 9.86 | 161.73 | 171.59 | OK | |
r-release-macos-arm64 | 1.4.1-1 | OK | ||||
r-release-macos-x86_64 | 1.4.1-1 | OK | ||||
r-release-windows-ix86+x86_64 | 1.4.1-1 | 16.00 | 218.00 | 234.00 | OK | |
r-oldrel-macos-x86_64 | 1.4.1-1 | OK | ||||
r-oldrel-windows-ix86+x86_64 | 1.4.1-1 | 16.00 | 227.00 | 243.00 | OK |
Version: 1.4.1-1
Check: Rd cross-references
Result: NOTE
Undeclared packages ‘BinaryEPPM’, ‘extraDistr’, ‘triangle’ in Rd xrefs
Flavor: r-devel-linux-x86_64-fedora-clang