CRAN Package Check Results for Package fishtree

Last updated on 2022-04-08 01:48:46 CEST.

Flavor Version Tinstall Tcheck Ttotal Status Flags
r-devel-linux-x86_64-debian-clang 0.3.4 2.39 56.01 58.40 NOTE
r-devel-linux-x86_64-debian-gcc 0.3.4 2.42 43.52 45.94 NOTE
r-devel-linux-x86_64-fedora-clang 0.3.4 70.90 NOTE
r-devel-linux-x86_64-fedora-gcc 0.3.4 62.17 NOTE
r-devel-windows-x86_64-new-UL 0.3.4 25.00 85.00 110.00 NOTE
r-patched-linux-x86_64 0.3.4 2.20 52.56 54.76 NOTE
r-release-linux-x86_64 0.3.4 2.68 44.87 47.55 NOTE
r-release-macos-arm64 0.3.4 NOTE
r-release-macos-x86_64 0.3.4 NOTE
r-release-windows-ix86+x86_64 0.3.4 6.00 58.00 64.00 NOTE
r-oldrel-macos-x86_64 0.3.4 OK
r-oldrel-windows-ix86+x86_64 0.3.4 7.00 55.00 62.00 OK

Check Details

Version: 0.3.4
Check: LazyData
Result: NOTE
     'LazyData' is specified without a 'data' directory
Flavors: r-devel-linux-x86_64-debian-clang, r-devel-linux-x86_64-debian-gcc, r-devel-linux-x86_64-fedora-clang, r-devel-linux-x86_64-fedora-gcc, r-devel-windows-x86_64-new-UL, r-patched-linux-x86_64, r-release-linux-x86_64, r-release-macos-arm64, r-release-macos-x86_64, r-release-windows-ix86+x86_64