Last updated on 2022-04-08 01:48:46 CEST.
Flavor | Version | Tinstall | Tcheck | Ttotal | Status | Flags |
---|---|---|---|---|---|---|
r-devel-linux-x86_64-debian-clang | 0.1.2 | 5.42 | 51.67 | 57.09 | OK | |
r-devel-linux-x86_64-debian-gcc | 0.1.2 | 4.57 | 39.81 | 44.38 | OK | |
r-devel-linux-x86_64-fedora-clang | 0.1.2 | 68.88 | NOTE | |||
r-devel-linux-x86_64-fedora-gcc | 0.1.2 | 56.05 | NOTE | |||
r-devel-windows-x86_64-new-UL | 0.1.2 | 87.00 | 70.00 | 157.00 | OK | |
r-patched-linux-x86_64 | 0.1.2 | 5.39 | 48.85 | 54.24 | OK | |
r-release-linux-x86_64 | 0.1.2 | 5.55 | 46.31 | 51.86 | OK | |
r-release-macos-arm64 | 0.1.2 | NOTE | ||||
r-release-macos-x86_64 | 0.1.2 | NOTE | ||||
r-release-windows-ix86+x86_64 | 0.1.2 | 13.00 | 64.00 | 77.00 | OK | |
r-oldrel-macos-x86_64 | 0.1.2 | NOTE | ||||
r-oldrel-windows-ix86+x86_64 | 0.1.2 | 14.00 | 61.00 | 75.00 | OK |
Version: 0.1.2
Check: dependencies in R code
Result: NOTE
Namespaces in Imports field not imported from:
‘rclipboard’ ‘shinyBS’ ‘shinyWidgets’ ‘shinyjs’
All declared Imports should be used.
Flavors: r-devel-linux-x86_64-fedora-clang, r-devel-linux-x86_64-fedora-gcc, r-release-macos-arm64, r-release-macos-x86_64, r-oldrel-macos-x86_64