CRAN Package Check Results for Package fgeo

Last updated on 2022-04-08 01:48:46 CEST.

Flavor Version Tinstall Tcheck Ttotal Status Flags
r-devel-linux-x86_64-debian-clang 1.1.4 6.60 75.17 81.77 NOTE
r-devel-linux-x86_64-debian-gcc 1.1.4 5.98 55.83 61.81 NOTE
r-devel-linux-x86_64-fedora-clang 1.1.4 96.81 NOTE
r-devel-linux-x86_64-fedora-gcc 1.1.4 83.91 NOTE
r-devel-windows-x86_64-new-UL 1.1.4 16.00 88.00 104.00 NOTE
r-patched-linux-x86_64 1.1.4 6.80 69.07 75.87 NOTE
r-release-linux-x86_64 1.1.4 6.55 66.79 73.34 NOTE
r-release-macos-arm64 1.1.4 NOTE
r-release-macos-x86_64 1.1.4 NOTE
r-release-windows-ix86+x86_64 1.1.4 17.00 80.00 97.00 NOTE
r-oldrel-macos-x86_64 1.1.4 OK
r-oldrel-windows-ix86+x86_64 1.1.4 17.00 80.00 97.00 OK

Check Details

Version: 1.1.4
Check: LazyData
Result: NOTE
     'LazyData' is specified without a 'data' directory
Flavors: r-devel-linux-x86_64-debian-clang, r-devel-linux-x86_64-debian-gcc, r-devel-linux-x86_64-fedora-clang, r-devel-linux-x86_64-fedora-gcc, r-devel-windows-x86_64-new-UL, r-patched-linux-x86_64, r-release-linux-x86_64, r-release-macos-arm64, r-release-macos-x86_64, r-release-windows-ix86+x86_64