CRAN Package Check Results for Package fflr

Last updated on 2022-04-08 01:48:46 CEST.

Flavor Version Tinstall Tcheck Ttotal Status Flags
r-devel-linux-x86_64-debian-clang 2.0.2 6.51 101.16 107.67 OK
r-devel-linux-x86_64-debian-gcc 2.0.2 5.61 61.59 67.20 ERROR
r-devel-linux-x86_64-fedora-clang 2.0.3 111.98 OK
r-devel-linux-x86_64-fedora-gcc 2.0.3 102.57 OK
r-devel-windows-x86_64-new-UL 2.0.3 39.00 169.00 208.00 OK
r-patched-linux-x86_64 2.0.2 6.15 78.38 84.53 ERROR
r-release-linux-x86_64 2.0.2 6.89 75.01 81.90 ERROR
r-release-macos-arm64 2.0.2 OK
r-release-macos-x86_64 2.0.2 OK
r-release-windows-ix86+x86_64 2.0.2 13.00 178.00 191.00 OK
r-oldrel-macos-x86_64 2.0.2 OK
r-oldrel-windows-ix86+x86_64 2.0.2 14.00 172.00 186.00 OK

Check Details

Version: 2.0.2
Check: examples
Result: ERROR
    Running examples in ‘fflr-Ex.R’ failed
    The error most likely occurred in:
    
    > base::assign(".ptime", proc.time(), pos = "CheckExEnv")
    > ### Name: player_outlook
    > ### Title: Player outlooks
    > ### Aliases: player_outlook
    >
    > ### ** Examples
    >
    > player_outlook()
    Error:
    ! Tibble columns must have compatible sizes.
    • Size 0: Existing data.
    • Size 50: Column `id`.
    ℹ Only values of size one are recycled.
    Backtrace:
     ▆
     1. └─fflr::player_outlook()
     2. └─tibble::tibble(...)
     3. └─tibble:::tibble_quos(xs, .rows, .name_repair)
     4. └─tibble:::vectbl_recycle_rows(res, first_size, j, given_col_names[[j]])
     5. └─rlang::cnd_signal(error_incompatible_size(n, name, size, "Existing data"))
    Execution halted
Flavors: r-devel-linux-x86_64-debian-gcc, r-patched-linux-x86_64, r-release-linux-x86_64