CRAN Package Check Results for Package fastText

Last updated on 2022-04-08 01:48:45 CEST.

Flavor Version Tinstall Tcheck Ttotal Status Flags
r-devel-linux-x86_64-debian-clang 1.0.1 66.49 95.62 162.11 OK
r-devel-linux-x86_64-debian-gcc 1.0.1 48.26 70.46 118.72 OK
r-devel-linux-x86_64-fedora-clang 1.0.2 244.61 NOTE
r-devel-linux-x86_64-fedora-gcc 1.0.2 196.95 OK
r-devel-windows-x86_64-new-UL 1.0.1 115.00 171.00 286.00 OK
r-patched-linux-x86_64 1.0.1 55.84 89.02 144.86 OK
r-release-linux-x86_64 1.0.1 52.41 84.90 137.31 OK
r-release-macos-arm64 1.0.1 NOTE
r-release-macos-x86_64 1.0.1 NOTE
r-release-windows-ix86+x86_64 1.0.1 156.00 209.00 365.00 NOTE
r-oldrel-macos-x86_64 1.0.1 NOTE
r-oldrel-windows-ix86+x86_64 1.0.1 157.00 215.00 372.00 NOTE

Check Details

Version: 1.0.2
Check: installed package size
Result: NOTE
     installed size is 5.5Mb
     sub-directories of 1Mb or more:
     doc 1.7Mb
     libs 2.7Mb
Flavor: r-devel-linux-x86_64-fedora-clang

Version: 1.0.1
Check: installed package size
Result: NOTE
     installed size is 7.4Mb
     sub-directories of 1Mb or more:
     doc 1.7Mb
     libs 4.6Mb
Flavors: r-release-macos-arm64, r-release-macos-x86_64, r-release-windows-ix86+x86_64, r-oldrel-macos-x86_64, r-oldrel-windows-ix86+x86_64