CRAN Package Check Results for Package fastDummies

Last updated on 2022-04-08 01:48:45 CEST.

Flavor Version Tinstall Tcheck Ttotal Status Flags
r-devel-linux-x86_64-debian-clang 1.6.3 2.57 44.40 46.97 NOTE
r-devel-linux-x86_64-debian-gcc 1.6.3 1.66 33.49 35.15 NOTE
r-devel-linux-x86_64-fedora-clang 1.6.3 57.51 NOTE
r-devel-linux-x86_64-fedora-gcc 1.6.3 43.98 NOTE
r-devel-windows-x86_64-new-UL 1.6.3 15.00 64.00 79.00 NOTE
r-patched-linux-x86_64 1.6.3 1.96 42.50 44.46 NOTE
r-release-linux-x86_64 1.6.3 2.16 42.59 44.75 NOTE
r-release-macos-arm64 1.6.3 NOTE
r-release-macos-x86_64 1.6.3 NOTE
r-release-windows-ix86+x86_64 1.6.3 6.00 56.00 62.00 NOTE
r-oldrel-macos-x86_64 1.6.3 OK
r-oldrel-windows-ix86+x86_64 1.6.3 6.00 53.00 59.00 OK

Check Details

Version: 1.6.3
Check: LazyData
Result: NOTE
     'LazyData' is specified without a 'data' directory
Flavors: r-devel-linux-x86_64-debian-clang, r-devel-linux-x86_64-debian-gcc, r-devel-linux-x86_64-fedora-clang, r-devel-linux-x86_64-fedora-gcc, r-devel-windows-x86_64-new-UL, r-patched-linux-x86_64, r-release-linux-x86_64, r-release-macos-arm64, r-release-macos-x86_64, r-release-windows-ix86+x86_64