Last updated on 2022-04-08 01:48:45 CEST.
Flavor | Version | Tinstall | Tcheck | Ttotal | Status | Flags |
---|---|---|---|---|---|---|
r-devel-linux-x86_64-debian-clang | 1.0 | 1.90 | 27.69 | 29.59 | NOTE | |
r-devel-linux-x86_64-debian-gcc | 1.0 | 1.32 | 21.78 | 23.10 | NOTE | |
r-devel-linux-x86_64-fedora-clang | 1.0 | 36.56 | NOTE | |||
r-devel-linux-x86_64-fedora-gcc | 1.0 | 24.65 | NOTE | |||
r-devel-windows-x86_64-new-UL | 1.0 | 14.00 | 38.00 | 52.00 | NOTE | |
r-patched-linux-x86_64 | 1.0 | 1.63 | 26.69 | 28.32 | NOTE | |
r-release-linux-x86_64 | 1.0 | 1.52 | 25.89 | 27.41 | NOTE | |
r-release-macos-arm64 | 1.0 | NOTE | ||||
r-release-macos-x86_64 | 1.0 | NOTE | ||||
r-release-windows-ix86+x86_64 | 1.0 | 4.00 | 22.00 | 26.00 | NOTE | |
r-oldrel-macos-x86_64 | 1.0 | NOTE | ||||
r-oldrel-windows-ix86+x86_64 | 1.0 | 4.00 | 23.00 | 27.00 | NOTE |
Version: 1.0
Check: DESCRIPTION meta-information
Result: NOTE
Malformed Description field: should contain one or more complete sentences.
Flavors: r-devel-linux-x86_64-debian-clang, r-devel-linux-x86_64-debian-gcc, r-devel-linux-x86_64-fedora-clang, r-devel-linux-x86_64-fedora-gcc, r-devel-windows-x86_64-new-UL, r-patched-linux-x86_64, r-release-linux-x86_64, r-release-macos-arm64, r-release-macos-x86_64, r-release-windows-ix86+x86_64, r-oldrel-macos-x86_64, r-oldrel-windows-ix86+x86_64