CRAN Package Check Results for Package exceedProb

Last updated on 2022-04-08 01:48:45 CEST.

Flavor Version Tinstall Tcheck Ttotal Status Flags
r-devel-linux-x86_64-debian-clang 0.0.1 32.01 35.87 67.88 NOTE
r-devel-linux-x86_64-debian-gcc 0.0.1 23.88 28.15 52.03 NOTE
r-devel-linux-x86_64-fedora-clang 0.0.1 93.38 NOTE
r-devel-linux-x86_64-fedora-gcc 0.0.1 72.47 NOTE
r-devel-windows-x86_64-new-UL 0.0.1 34.00 71.00 105.00 NOTE
r-patched-linux-x86_64 0.0.1 25.65 34.62 60.27 NOTE
r-release-linux-x86_64 0.0.1 24.31 33.70 58.01 NOTE
r-release-macos-arm64 0.0.1 NOTE
r-release-macos-x86_64 0.0.1 NOTE
r-release-windows-ix86+x86_64 0.0.1 73.00 65.00 138.00 NOTE
r-oldrel-macos-x86_64 0.0.1 OK
r-oldrel-windows-ix86+x86_64 0.0.1 72.00 66.00 138.00 OK

Check Details

Version: 0.0.1
Check: LazyData
Result: NOTE
     'LazyData' is specified without a 'data' directory
Flavors: r-devel-linux-x86_64-debian-clang, r-devel-linux-x86_64-debian-gcc, r-devel-linux-x86_64-fedora-clang, r-devel-linux-x86_64-fedora-gcc, r-devel-windows-x86_64-new-UL, r-patched-linux-x86_64, r-release-linux-x86_64, r-release-macos-arm64, r-release-macos-x86_64, r-release-windows-ix86+x86_64