Last updated on 2022-04-08 01:48:45 CEST.
Flavor | Version | Tinstall | Tcheck | Ttotal | Status | Flags |
---|---|---|---|---|---|---|
r-devel-linux-x86_64-debian-clang | 1.1 | 11.12 | 115.31 | 126.43 | NOTE | |
r-devel-linux-x86_64-debian-gcc | 1.1 | 9.37 | 86.77 | 96.14 | NOTE | |
r-devel-linux-x86_64-fedora-clang | 1.1 | 151.70 | NOTE | |||
r-devel-linux-x86_64-fedora-gcc | 1.1 | 149.26 | NOTE | |||
r-devel-windows-x86_64-new-UL | 1.1 | 25.00 | 129.00 | 154.00 | OK | |
r-patched-linux-x86_64 | 1.1 | 9.16 | 110.62 | 119.78 | NOTE | |
r-release-linux-x86_64 | 1.1 | 11.16 | 103.87 | 115.03 | NOTE | |
r-release-macos-arm64 | 1.1 | OK | ||||
r-release-macos-x86_64 | 1.1 | OK | ||||
r-release-windows-ix86+x86_64 | 1.1 | 26.00 | 115.00 | 141.00 | OK | |
r-oldrel-macos-x86_64 | 1.1 | OK | ||||
r-oldrel-windows-ix86+x86_64 | 1.1 | 27.00 | 115.00 | 142.00 | OK |
Version: 1.1
Check: for non-standard things in the check directory
Result: NOTE
Found the following files/directories:
'sample .nwk'
Flavors: r-devel-linux-x86_64-debian-clang, r-devel-linux-x86_64-debian-gcc, r-devel-linux-x86_64-fedora-clang, r-devel-linux-x86_64-fedora-gcc, r-patched-linux-x86_64, r-release-linux-x86_64