CRAN Package Check Results for Package evgam

Last updated on 2022-04-08 01:48:45 CEST.

Flavor Version Tinstall Tcheck Ttotal Status Flags
r-devel-linux-x86_64-debian-clang 0.1.4 225.77 74.20 299.97 OK
r-devel-linux-x86_64-debian-gcc 0.1.4 179.37 55.74 235.11 OK
r-devel-linux-x86_64-fedora-clang 0.1.4 430.33 NOTE
r-devel-linux-x86_64-fedora-gcc 0.1.4 376.84 OK
r-devel-windows-x86_64-new-UL 0.1.4 173.00 116.00 289.00 OK
r-patched-linux-x86_64 0.1.4 191.69 70.64 262.33 OK
r-release-linux-x86_64 0.1.4 184.65 68.84 253.49 OK
r-release-macos-arm64 0.1.4 NOTE
r-release-macos-x86_64 0.1.4 NOTE
r-release-windows-ix86+x86_64 0.1.4 515.00 114.00 629.00 OK
r-oldrel-macos-x86_64 0.1.4 NOTE
r-oldrel-windows-ix86+x86_64 0.1.4 518.00 117.00 635.00 OK

Check Details

Version: 0.1.4
Check: installed package size
Result: NOTE
     installed size is 5.4Mb
     sub-directories of 1Mb or more:
     libs 4.6Mb
Flavors: r-devel-linux-x86_64-fedora-clang, r-release-macos-arm64, r-release-macos-x86_64, r-oldrel-macos-x86_64