CRAN Package Check Results for Package erah

Last updated on 2022-04-08 01:48:45 CEST.

Flavor Version Tinstall Tcheck Ttotal Status Flags
r-devel-linux-x86_64-debian-clang 1.1.2 14.71 122.79 137.50 OK
r-devel-linux-x86_64-debian-gcc 1.1.2 12.48 94.65 107.13 OK
r-devel-linux-x86_64-fedora-clang 1.1.2 171.63 OK
r-devel-linux-x86_64-fedora-gcc 1.1.2 156.16 OK
r-devel-windows-x86_64-new-UL 1.1.2 40.00 141.00 181.00 OK
r-patched-linux-x86_64 1.1.2 15.82 117.83 133.65 OK
r-release-linux-x86_64 1.1.2 14.46 112.33 126.79 OK
r-release-macos-arm64 1.1.2 NOTE
r-release-macos-x86_64 1.1.2 OK
r-release-windows-ix86+x86_64 1.1.2 35.00 154.00 189.00 OK
r-oldrel-macos-x86_64 1.1.2 OK
r-oldrel-windows-ix86+x86_64 1.1.2 35.00 152.00 187.00 OK

Check Details

Version: 1.1.2
Check: package dependencies
Result: NOTE
    Package suggested but not available for checking: ‘mzR’
Flavor: r-release-macos-arm64