Last updated on 2022-04-08 01:48:45 CEST.
Flavor | Version | Tinstall | Tcheck | Ttotal | Status | Flags |
---|---|---|---|---|---|---|
r-devel-linux-x86_64-debian-clang | 0.6.6 | 5.71 | 89.67 | 95.38 | OK | |
r-devel-linux-x86_64-debian-gcc | 0.6.6 | 4.72 | 66.42 | 71.14 | OK | |
r-devel-linux-x86_64-fedora-clang | 0.6.6 | 125.57 | OK | |||
r-devel-linux-x86_64-fedora-gcc | 0.6.6 | 107.50 | OK | |||
r-devel-windows-x86_64-new-UL | 0.6.6 | 65.00 | 130.00 | 195.00 | OK | |
r-patched-linux-x86_64 | 0.6.6 | 7.23 | 85.69 | 92.92 | OK | |
r-release-linux-x86_64 | 0.6.6 | 6.09 | 83.24 | 89.33 | OK | |
r-release-macos-arm64 | 0.6.6 | OK | ||||
r-release-macos-x86_64 | 0.6.6 | OK | ||||
r-release-windows-ix86+x86_64 | 0.6.6 | 12.00 | 119.00 | 131.00 | OK | |
r-oldrel-macos-x86_64 | 0.6.6 | ERROR | ||||
r-oldrel-windows-ix86+x86_64 | 0.6.6 | 13.00 | 122.00 | 135.00 | OK |
Version: 0.6.6
Check: package dependencies
Result: ERROR
Package required but not available: ‘Rdisop’
See section ‘The DESCRIPTION file’ in the ‘Writing R Extensions’
manual.
Flavor: r-oldrel-macos-x86_64