Last updated on 2022-04-08 01:48:45 CEST.
Flavor | Version | Tinstall | Tcheck | Ttotal | Status | Flags |
---|---|---|---|---|---|---|
r-devel-linux-x86_64-debian-clang | 1.3.12 | 8.87 | 104.07 | 112.94 | OK | |
r-devel-linux-x86_64-debian-gcc | 1.3.12 | 9.66 | 79.50 | 89.16 | OK | |
r-devel-linux-x86_64-fedora-clang | 1.3.12 | 141.17 | NOTE | |||
r-devel-linux-x86_64-fedora-gcc | 1.3.12 | 126.30 | OK | |||
r-devel-windows-x86_64-new-UL | 1.3.12 | 60.00 | 124.00 | 184.00 | OK | |
r-patched-linux-x86_64 | 1.3.12 | 13.47 | 101.08 | 114.55 | OK | |
r-release-linux-x86_64 | 1.3.12 | 10.57 | 95.17 | 105.74 | OK | |
r-release-macos-arm64 | 1.3.12 | NOTE | ||||
r-release-macos-x86_64 | 1.3.12 | OK | ||||
r-release-windows-ix86+x86_64 | 1.3.12 | 23.00 | 110.00 | 133.00 | OK | |
r-oldrel-macos-x86_64 | 1.3.12 | OK | ||||
r-oldrel-windows-ix86+x86_64 | 1.3.12 | 22.00 | 115.00 | 137.00 | OK |
Version: 1.3.12
Check: Rd cross-references
Result: NOTE
Undeclared package ‘mvtnorm’ in Rd xrefs
Flavor: r-devel-linux-x86_64-fedora-clang
Version: 1.3.12
Check: package dependencies
Result: NOTE
Package suggested but not available for checking: ‘R2jags’
Flavor: r-release-macos-arm64