CRAN Package Check Results for Package elfDistr

Last updated on 2022-04-08 01:48:45 CEST.

Flavor Version Tinstall Tcheck Ttotal Status Flags
r-devel-linux-x86_64-debian-clang 1.0.0 18.29 38.55 56.84 NOTE
r-devel-linux-x86_64-debian-gcc 1.0.0 15.30 29.86 45.16 NOTE
r-devel-linux-x86_64-fedora-clang 1.0.0 80.60 NOTE
r-devel-linux-x86_64-fedora-gcc 1.0.0 61.81 NOTE
r-devel-windows-x86_64-new-UL 1.0.0 28.00 74.00 102.00 NOTE
r-patched-linux-x86_64 1.0.0 16.38 36.29 52.67 NOTE
r-release-linux-x86_64 1.0.0 16.17 34.55 50.72 NOTE
r-release-macos-arm64 1.0.0 NOTE
r-release-macos-x86_64 1.0.0 NOTE
r-release-windows-ix86+x86_64 1.0.0 52.00 74.00 126.00 NOTE
r-oldrel-macos-x86_64 1.0.0 OK
r-oldrel-windows-ix86+x86_64 1.0.0 52.00 75.00 127.00 OK

Check Details

Version: 1.0.0
Check: LazyData
Result: NOTE
     'LazyData' is specified without a 'data' directory
Flavors: r-devel-linux-x86_64-debian-clang, r-devel-linux-x86_64-debian-gcc, r-devel-linux-x86_64-fedora-clang, r-devel-linux-x86_64-fedora-gcc, r-devel-windows-x86_64-new-UL, r-patched-linux-x86_64, r-release-linux-x86_64, r-release-macos-arm64, r-release-macos-x86_64, r-release-windows-ix86+x86_64