Last updated on 2022-04-08 01:48:44 CEST.
Flavor | Version | Tinstall | Tcheck | Ttotal | Status | Flags |
---|---|---|---|---|---|---|
r-devel-linux-x86_64-debian-clang | 0.3.0 | 19.35 | 166.07 | 185.42 | OK | |
r-devel-linux-x86_64-debian-gcc | 0.3.0 | 15.56 | 123.70 | 139.26 | OK | |
r-devel-linux-x86_64-fedora-clang | 0.3.0 | 216.99 | NOTE | |||
r-devel-linux-x86_64-fedora-gcc | 0.3.0 | 199.57 | NOTE | |||
r-devel-windows-x86_64-new-UL | 0.3.0 | 35.00 | 185.00 | 220.00 | OK | |
r-patched-linux-x86_64 | 0.3.0 | 15.89 | 158.35 | 174.24 | OK | |
r-release-linux-x86_64 | 0.3.0 | 13.80 | 143.97 | 157.77 | OK | |
r-release-macos-arm64 | 0.3.0 | NOTE | ||||
r-release-macos-x86_64 | 0.3.0 | NOTE | ||||
r-release-windows-ix86+x86_64 | 0.3.0 | 39.00 | 168.00 | 207.00 | OK | |
r-oldrel-macos-x86_64 | 0.3.0 | NOTE | ||||
r-oldrel-windows-ix86+x86_64 | 0.3.0 | 39.00 | 168.00 | 207.00 | OK |
Version: 0.3.0
Check: dependencies in R code
Result: NOTE
Namespaces in Imports field not imported from:
‘dae’ ‘dplyr’
All declared Imports should be used.
Flavors: r-devel-linux-x86_64-fedora-clang, r-devel-linux-x86_64-fedora-gcc, r-release-macos-arm64, r-release-macos-x86_64, r-oldrel-macos-x86_64