Last updated on 2022-04-08 01:48:44 CEST.
Flavor | Version | Tinstall | Tcheck | Ttotal | Status | Flags |
---|---|---|---|---|---|---|
r-devel-linux-x86_64-debian-clang | 0.6.0 | 55.43 | 154.66 | 210.09 | OK | |
r-devel-linux-x86_64-debian-gcc | 0.6.0 | 47.19 | 112.88 | 160.07 | OK | |
r-devel-linux-x86_64-fedora-clang | 0.6.0 | 269.09 | NOTE | |||
r-devel-linux-x86_64-fedora-gcc | 0.6.0 | 239.37 | OK | |||
r-devel-windows-x86_64-new-UL | 0.6.0 | 59.00 | 185.00 | 244.00 | OK | |
r-patched-linux-x86_64 | 0.6.0 | 46.88 | 146.25 | 193.13 | OK | |
r-release-linux-x86_64 | 0.6.0 | 50.88 | 133.45 | 184.33 | OK | |
r-release-macos-arm64 | 0.6.0 | NOTE | ||||
r-release-macos-x86_64 | 0.6.0 | NOTE | ||||
r-release-windows-ix86+x86_64 | 0.6.0 | 136.00 | 211.00 | 347.00 | OK | |
r-oldrel-macos-x86_64 | 0.6.0 | NOTE | ||||
r-oldrel-windows-ix86+x86_64 | 0.6.0 | 136.00 | 208.00 | 344.00 | OK |
Version: 0.6.0
Check: installed package size
Result: NOTE
installed size is 8.5Mb
sub-directories of 1Mb or more:
libs 8.3Mb
Flavors: r-devel-linux-x86_64-fedora-clang, r-release-macos-arm64, r-release-macos-x86_64, r-oldrel-macos-x86_64