CRAN Package Check Results for Package eHOF

Last updated on 2022-04-08 01:48:45 CEST.

Flavor Version Tinstall Tcheck Ttotal Status Flags
r-devel-linux-x86_64-debian-clang 1.11 10.60 112.32 122.92 OK
r-devel-linux-x86_64-debian-gcc 1.11 8.39 90.98 99.37 OK
r-devel-linux-x86_64-fedora-clang 1.11 151.26 OK
r-devel-linux-x86_64-fedora-gcc 1.11 135.34 OK
r-devel-windows-x86_64-new-UL 1.11 20.00 144.00 164.00 OK
r-patched-linux-x86_64 1.11 9.21 110.78 119.99 OK
r-release-linux-x86_64 1.11 10.36 104.30 114.66 OK
r-release-macos-arm64 1.11 OK
r-release-macos-x86_64 1.11 OK
r-release-windows-ix86+x86_64 1.11 19.00 122.00 141.00 OK
r-oldrel-macos-x86_64 1.11 WARN
r-oldrel-windows-ix86+x86_64 1.11 19.00 126.00 145.00 OK

Check Details

Version: 1.11
Check: re-building of vignette outputs
Result: WARN
    Error(s) in re-building vignettes:
     ...
    --- re-building ‘eHOF.Rnw’ using knitr
    Some columns contain no data and are omitted.
    Some numeric columns contain only 0 values and are omitted.
    Some numeric fields contain 0 values:
    Please check if these are really meant as 0 or if they are erroneously assigned because of DBase restrictions.
    If so, use something like:
    site$Column_name[site$Column_name==0] <- NA
    
    Quitting from lines 59-69 (eHOF.Rnw)
    Error: processing vignette 'eHOF.Rnw' failed with diagnostics:
    'arg' should be one of "short", "long", "numbers"
    --- failed re-building ‘eHOF.Rnw’
    
    SUMMARY: processing the following file failed:
     ‘eHOF.Rnw’
    
    Error: Vignette re-building failed.
    Execution halted
Flavor: r-oldrel-macos-x86_64