CRAN Package Check Results for Package eAnalytics

Last updated on 2022-04-08 01:48:44 CEST.

Flavor Version Tinstall Tcheck Ttotal Status Flags
r-devel-linux-x86_64-debian-clang 0.1.4 11.33 96.14 107.47 NOTE
r-devel-linux-x86_64-debian-gcc 0.1.4 7.18 71.97 79.15 NOTE
r-devel-linux-x86_64-fedora-clang 0.1.4 128.39 NOTE
r-devel-linux-x86_64-fedora-gcc 0.1.4 117.68 NOTE
r-devel-windows-x86_64-new-UL 0.1.4 31.00 116.00 147.00 NOTE
r-patched-linux-x86_64 0.1.4 6.38 91.89 98.27 NOTE
r-release-linux-x86_64 0.1.4 6.01 83.84 89.85 NOTE
r-release-macos-arm64 0.1.4 NOTE
r-release-macos-x86_64 0.1.4 NOTE
r-release-windows-ix86+x86_64 0.1.4 25.00 103.00 128.00 NOTE
r-oldrel-macos-x86_64 0.1.4 OK
r-oldrel-windows-ix86+x86_64 0.1.4 24.00 106.00 130.00 OK

Check Details

Version: 0.1.4
Check: LazyData
Result: NOTE
     'LazyData' is specified without a 'data' directory
Flavors: r-devel-linux-x86_64-debian-clang, r-devel-linux-x86_64-debian-gcc, r-devel-linux-x86_64-fedora-clang, r-devel-linux-x86_64-fedora-gcc, r-devel-windows-x86_64-new-UL, r-patched-linux-x86_64, r-release-linux-x86_64, r-release-macos-arm64, r-release-macos-x86_64, r-release-windows-ix86+x86_64