CRAN Package Check Results for Package dynatopGIS

Last updated on 2022-04-08 01:48:44 CEST.

Flavor Version Tinstall Tcheck Ttotal Status Flags
r-devel-linux-x86_64-debian-clang 0.2.1 29.84 321.78 351.62 OK
r-devel-linux-x86_64-debian-gcc 0.2.1 23.96 242.30 266.26 OK
r-devel-linux-x86_64-fedora-clang 0.2.1 413.76 OK
r-devel-linux-x86_64-fedora-gcc 0.2.1 399.33 OK
r-devel-windows-x86_64-new-UL 0.2.1 35.00 326.00 361.00 OK
r-patched-linux-x86_64 0.2.1 28.49 309.82 338.31 OK
r-release-linux-x86_64 0.2.1 28.24 289.84 318.08 OK
r-release-macos-arm64 0.2.1 OK
r-release-macos-x86_64 0.2.1 WARN --as-cran
r-release-windows-ix86+x86_64 0.2.1 57.00 301.00 358.00 OK
r-oldrel-macos-x86_64 0.2.1 OK
r-oldrel-windows-ix86+x86_64 0.2.1 62.00 307.00 369.00 OK

Check Details

Version: 0.2.1
Flags: --as-cran
Check: CRAN incoming feasibility
Result: WARN
    Maintainer: ‘Paul Smith <paul@waternumbers.co.uk>’
    
    Insufficient package version (submitted: 0.2.1, existing: 0.2.1)
    
    Days since last update: 1
Flavor: r-release-macos-x86_64

Version: 0.2.1
Flags: --as-cran
Check: top-level files
Result: NOTE
    Files ‘README.md’ or ‘NEWS.md’ cannot be checked without ‘pandoc’ being installed.
Flavor: r-release-macos-x86_64