CRAN Package Check Results for Package dynaSpec

Last updated on 2022-04-08 01:48:44 CEST.

Flavor Version Tinstall Tcheck Ttotal Status Flags
r-devel-linux-x86_64-debian-clang 1.0.1 4.10 40.87 44.97 OK
r-devel-linux-x86_64-debian-gcc 1.0.1 3.31 31.23 34.54 OK
r-devel-linux-x86_64-fedora-clang 1.0.1 54.89 NOTE
r-devel-linux-x86_64-fedora-gcc 1.0.1 42.17 NOTE
r-devel-windows-x86_64-new-UL 1.0.1 27.00 58.00 85.00 OK
r-patched-linux-x86_64 1.0.1 2.90 39.49 42.39 OK
r-release-linux-x86_64 1.0.1 2.66 38.22 40.88 OK
r-release-macos-arm64 1.0.1 NOTE
r-release-macos-x86_64 1.0.1 NOTE
r-release-windows-ix86+x86_64 1.0.1 9.00 47.00 56.00 OK
r-oldrel-macos-x86_64 1.0.1 NOTE
r-oldrel-windows-ix86+x86_64 1.0.1 10.00 48.00 58.00 OK

Check Details

Version: 1.0.1
Check: dependencies in R code
Result: NOTE
    Namespaces in Imports field not imported from:
     ‘NatureSounds’ ‘av’ ‘magrittr’ ‘stats’
     All declared Imports should be used.
Flavors: r-devel-linux-x86_64-fedora-clang, r-devel-linux-x86_64-fedora-gcc, r-release-macos-arm64, r-release-macos-x86_64, r-oldrel-macos-x86_64

Version: 1.0.1
Check: Rd cross-references
Result: NOTE
    Undeclared package ‘warbleR’ in Rd xrefs
Flavor: r-devel-linux-x86_64-fedora-clang