CRAN Package Check Results for Package dobin

Last updated on 2022-04-08 01:48:44 CEST.

Flavor Version Tinstall Tcheck Ttotal Status Flags
r-devel-linux-x86_64-debian-clang 1.0.2 2.18 85.22 87.40 NOTE
r-devel-linux-x86_64-debian-gcc 1.0.2 1.46 65.58 67.04 NOTE
r-devel-linux-x86_64-fedora-clang 1.0.2 103.76 NOTE
r-devel-linux-x86_64-fedora-gcc 1.0.2 91.71 NOTE
r-devel-windows-x86_64-new-UL 1.0.2 14.00 111.00 125.00 NOTE
r-patched-linux-x86_64 1.0.2 2.07 83.93 86.00 NOTE
r-release-linux-x86_64 1.0.2 1.84 80.60 82.44 NOTE
r-release-macos-arm64 1.0.2 NOTE
r-release-macos-x86_64 1.0.2 NOTE
r-release-windows-ix86+x86_64 1.0.2 5.00 78.00 83.00 NOTE
r-oldrel-macos-x86_64 1.0.2 OK
r-oldrel-windows-ix86+x86_64 1.0.2 5.00 81.00 86.00 OK

Check Details

Version: 1.0.2
Check: LazyData
Result: NOTE
     'LazyData' is specified without a 'data' directory
Flavors: r-devel-linux-x86_64-debian-clang, r-devel-linux-x86_64-debian-gcc, r-devel-linux-x86_64-fedora-clang, r-devel-linux-x86_64-fedora-gcc, r-devel-windows-x86_64-new-UL, r-patched-linux-x86_64, r-release-linux-x86_64, r-release-macos-arm64, r-release-macos-x86_64, r-release-windows-ix86+x86_64