Last updated on 2022-04-08 01:48:44 CEST.
Flavor | Version | Tinstall | Tcheck | Ttotal | Status | Flags |
---|---|---|---|---|---|---|
r-devel-linux-x86_64-debian-clang | 0.2.2 | 3.89 | 45.82 | 49.71 | OK | |
r-devel-linux-x86_64-debian-gcc | 0.2.2 | 3.26 | 36.44 | 39.70 | OK | |
r-devel-linux-x86_64-fedora-clang | 0.2.2 | 63.08 | OK | |||
r-devel-linux-x86_64-fedora-gcc | 0.2.2 | 52.08 | OK | |||
r-devel-windows-x86_64-new-UL | 0.2.2 | 19.00 | 70.00 | 89.00 | OK | |
r-patched-linux-x86_64 | 0.2.2 | 3.99 | 45.00 | 48.99 | OK | |
r-release-linux-x86_64 | 0.2.2 | 3.49 | 43.33 | 46.82 | OK | |
r-release-macos-arm64 | 0.2.2 | ERROR | ||||
r-release-macos-x86_64 | 0.2.2 | ERROR | ||||
r-release-windows-ix86+x86_64 | 0.2.2 | 7.00 | 50.00 | 57.00 | OK | |
r-oldrel-macos-x86_64 | 0.2.2 | ERROR | ||||
r-oldrel-windows-ix86+x86_64 | 0.2.2 | 7.00 | 57.00 | 64.00 | OK |
Version: 0.2.2
Check: package dependencies
Result: ERROR
Package required but not available: ‘Rmpi’
See section ‘The DESCRIPTION file’ in the ‘Writing R Extensions’
manual.
Flavors: r-release-macos-arm64, r-release-macos-x86_64, r-oldrel-macos-x86_64