CRAN Package Check Results for Package dnapath

Last updated on 2022-04-08 01:48:44 CEST.

Flavor Version Tinstall Tcheck Ttotal Status Flags
r-devel-linux-x86_64-debian-clang 0.6.11 34.71 276.73 311.44 OK
r-devel-linux-x86_64-debian-gcc 0.6.11 27.13 199.39 226.52 OK
r-devel-linux-x86_64-fedora-clang 0.6.11 377.02 OK
r-devel-linux-x86_64-fedora-gcc 0.6.11 376.93 OK
r-devel-windows-x86_64-new-UL 0.6.11 51.00 344.00 395.00 OK
r-patched-linux-x86_64 0.6.11 30.11 260.02 290.13 OK
r-release-linux-x86_64 0.6.11 28.60 253.88 282.48 OK
r-release-macos-arm64 0.6.11 OK
r-release-macos-x86_64 0.6.11 OK
r-release-windows-ix86+x86_64 0.6.11 86.00 503.00 589.00 OK
r-oldrel-macos-x86_64 0.6.11 NOTE
r-oldrel-windows-ix86+x86_64 0.6.11 86.00 486.00 572.00 OK

Check Details

Version: 0.6.11
Check: package dependencies
Result: NOTE
    Packages suggested but not available for checking: 'GENIE3', 'reactome.db'
Flavor: r-oldrel-macos-x86_64

Version: 0.6.11
Check: Rd cross-references
Result: NOTE
    Package unavailable to check Rd xrefs: ‘GENIE3’
Flavor: r-oldrel-macos-x86_64