CRAN Package Check Results for Package divDyn

Last updated on 2022-04-08 01:48:44 CEST.

Flavor Version Tinstall Tcheck Ttotal Status Flags
r-devel-linux-x86_64-debian-clang 0.8.1 24.78 342.48 367.26 WARN
r-devel-linux-x86_64-debian-gcc 0.8.1 22.71 254.42 277.13 OK
r-devel-linux-x86_64-fedora-clang 0.8.1 457.53 WARN
r-devel-linux-x86_64-fedora-gcc 0.8.1 432.95 OK
r-devel-windows-x86_64-new-UL 0.8.1 41.00 482.00 523.00 OK
r-patched-linux-x86_64 0.8.1 24.71 331.34 356.05 OK
r-release-linux-x86_64 0.8.1 22.38 320.42 342.80 OK
r-release-macos-arm64 0.8.1 OK
r-release-macos-x86_64 0.8.1 OK
r-release-windows-ix86+x86_64 0.8.1 61.00 439.00 500.00 OK
r-oldrel-macos-x86_64 0.8.1 OK
r-oldrel-windows-ix86+x86_64 0.8.1 62.00 454.00 516.00 OK

Additional issues

clang14

Check Details

Version: 0.8.1
Check: whether package can be installed
Result: WARN
    Found the following significant warnings:
     Engine.cpp:73:8: warning: use of bitwise '&' with boolean operands [-Wbitwise-instead-of-logical]
     Engine.cpp:79:8: warning: use of bitwise '&' with boolean operands [-Wbitwise-instead-of-logical]
     Engine.cpp:84:8: warning: use of bitwise '&' with boolean operands [-Wbitwise-instead-of-logical]
     Engine.cpp:94:8: warning: use of bitwise '&' with boolean operands [-Wbitwise-instead-of-logical]
     Engine.cpp:102:8: warning: use of bitwise '&' with boolean operands [-Wbitwise-instead-of-logical]
     Engine.cpp:109:8: warning: use of bitwise '&' with boolean operands [-Wbitwise-instead-of-logical]
     Engine.cpp:116:8: warning: use of bitwise '&' with boolean operands [-Wbitwise-instead-of-logical]
     Engine.cpp:124:8: warning: use of bitwise '&' with boolean operands [-Wbitwise-instead-of-logical]
     Engine.cpp:132:8: warning: use of bitwise '&' with boolean operands [-Wbitwise-instead-of-logical]
     Engine.cpp:140:8: warning: use of bitwise '&' with boolean operands [-Wbitwise-instead-of-logical]
     Engine.cpp:148:8: warning: use of bitwise '&' with boolean operands [-Wbitwise-instead-of-logical]
     Engine.cpp:156:8: warning: use of bitwise '&' with boolean operands [-Wbitwise-instead-of-logical]
     Engine.cpp:164:8: warning: use of bitwise '&' with boolean operands [-Wbitwise-instead-of-logical]
Flavors: r-devel-linux-x86_64-debian-clang, r-devel-linux-x86_64-fedora-clang