Last updated on 2022-04-08 01:48:44 CEST.
Flavor | Version | Tinstall | Tcheck | Ttotal | Status | Flags |
---|---|---|---|---|---|---|
r-devel-linux-x86_64-debian-clang | 0.2.0 | 2.11 | 50.24 | 52.35 | OK | |
r-devel-linux-x86_64-debian-gcc | 0.2.0 | 2.48 | 39.47 | 41.95 | OK | |
r-devel-linux-x86_64-fedora-clang | 0.2.0 | 65.77 | NOTE | |||
r-devel-linux-x86_64-fedora-gcc | 0.2.0 | 52.83 | NOTE | |||
r-devel-windows-x86_64-new-UL | 0.2.0 | 13.00 | 86.00 | 99.00 | OK | |
r-patched-linux-x86_64 | 0.2.0 | 3.50 | 48.87 | 52.37 | OK | |
r-release-linux-x86_64 | 0.2.0 | 2.78 | 47.66 | 50.44 | OK | |
r-release-macos-arm64 | 0.2.0 | NOTE | ||||
r-release-macos-x86_64 | 0.2.0 | NOTE | ||||
r-release-windows-ix86+x86_64 | 0.2.0 | 6.00 | 63.00 | 69.00 | OK | |
r-oldrel-macos-x86_64 | 0.2.0 | NOTE | ||||
r-oldrel-windows-ix86+x86_64 | 0.2.0 | 8.00 | 67.00 | 75.00 | OK |
Version: 0.2.0
Check: dependencies in R code
Result: NOTE
Namespaces in Imports field not imported from:
‘dplyr’ ‘proxy’
All declared Imports should be used.
Flavors: r-devel-linux-x86_64-fedora-clang, r-devel-linux-x86_64-fedora-gcc, r-release-macos-arm64, r-release-macos-x86_64, r-oldrel-macos-x86_64