Last updated on 2022-04-08 01:48:44 CEST.
Flavor | Version | Tinstall | Tcheck | Ttotal | Status | Flags |
---|---|---|---|---|---|---|
r-devel-linux-x86_64-debian-clang | 1.6.8 | 24.70 | 218.25 | 242.95 | OK | |
r-devel-linux-x86_64-debian-gcc | 1.6.8 | 18.82 | 161.85 | 180.67 | OK | |
r-devel-linux-x86_64-fedora-clang | 1.6.8 | 290.28 | NOTE | |||
r-devel-linux-x86_64-fedora-gcc | 1.6.8 | 295.50 | OK | |||
r-devel-windows-x86_64-new-UL | 1.6.8 | 95.00 | 243.00 | 338.00 | OK | |
r-patched-linux-x86_64 | 1.6.8 | 25.18 | 214.30 | 239.48 | OK | |
r-release-linux-x86_64 | 1.6.8 | 24.05 | 202.55 | 226.60 | OK | |
r-release-macos-arm64 | 1.6.8 | OK | ||||
r-release-macos-x86_64 | 1.6.8 | OK | ||||
r-release-windows-ix86+x86_64 | 1.6.8 | 48.00 | 320.00 | 368.00 | OK | |
r-oldrel-macos-x86_64 | 1.6.8 | OK | ||||
r-oldrel-windows-ix86+x86_64 | 1.6.8 | 49.00 | 333.00 | 382.00 | OK |
Version: 1.6.8
Check: Rd cross-references
Result: NOTE
Undeclared packages ‘hypervolume’, ‘geomorph’ in Rd xrefs
Flavor: r-devel-linux-x86_64-fedora-clang