CRAN Package Check Results for Package dialectR

Last updated on 2022-04-08 01:48:43 CEST.

Flavor Version Tinstall Tcheck Ttotal Status Flags
r-devel-linux-x86_64-debian-clang 1.0 64.37 115.81 180.18 WARN
r-devel-linux-x86_64-debian-gcc 1.0 51.48 87.46 138.94 OK
r-devel-linux-x86_64-fedora-clang 1.0 239.42 WARN
r-devel-linux-x86_64-fedora-gcc 1.0 207.98 NOTE
r-devel-windows-x86_64-new-UL 1.0 71.00 164.00 235.00 OK
r-patched-linux-x86_64 1.0 57.51 109.55 167.06 OK
r-release-linux-x86_64 1.0 56.42 104.14 160.56 OK
r-release-macos-arm64 1.0 NOTE
r-release-macos-x86_64 1.0 NOTE
r-release-windows-ix86+x86_64 1.0 151.00 177.00 328.00 NOTE
r-oldrel-macos-x86_64 1.0 NOTE
r-oldrel-windows-ix86+x86_64 1.0 152.00 189.00 341.00 NOTE

Additional issues

clang14

Check Details

Version: 1.0
Check: whether package can be installed
Result: WARN
    Found the following significant warnings:
     checkVowelConsonant.cpp:9:6: warning: use of bitwise '|' with boolean operands [-Wbitwise-instead-of-logical]
     checkVowelConsonant.cpp:9:131: warning: use of bitwise '&' with boolean operands [-Wbitwise-instead-of-logical]
     checkVowelConsonant.cpp:9:7: warning: use of bitwise '&' with boolean operands [-Wbitwise-instead-of-logical]
     leven.cpp:94:13: warning: use of bitwise '|' with boolean operands [-Wbitwise-instead-of-logical]
     leven.cpp:100:13: warning: use of bitwise '|' with boolean operands [-Wbitwise-instead-of-logical]
     leven.cpp:194:11: warning: use of bitwise '|' with boolean operands [-Wbitwise-instead-of-logical]
     vc_leven.cpp:96:13: warning: use of bitwise '|' with boolean operands [-Wbitwise-instead-of-logical]
     vc_leven.cpp:102:13: warning: use of bitwise '|' with boolean operands [-Wbitwise-instead-of-logical]
     vc_leven.cpp:197:11: warning: use of bitwise '|' with boolean operands [-Wbitwise-instead-of-logical]
Flavors: r-devel-linux-x86_64-debian-clang, r-devel-linux-x86_64-fedora-clang

Version: 1.0
Check: data for non-ASCII characters
Result: NOTE
     Note: found 294851 marked UTF-8 strings
Flavors: r-devel-linux-x86_64-fedora-clang, r-devel-linux-x86_64-fedora-gcc, r-release-macos-arm64, r-release-macos-x86_64, r-oldrel-macos-x86_64

Version: 1.0
Check: installed package size
Result: NOTE
     installed size is 5.0Mb
     sub-directories of 1Mb or more:
     data 2.4Mb
     libs 2.2Mb
Flavors: r-release-macos-arm64, r-release-windows-ix86+x86_64, r-oldrel-windows-ix86+x86_64