Last updated on 2022-04-08 01:48:43 CEST.
Flavor | Version | Tinstall | Tcheck | Ttotal | Status | Flags |
---|---|---|---|---|---|---|
r-devel-linux-x86_64-debian-clang | 3.5.1 | 210.56 | 142.98 | 353.54 | NOTE | |
r-devel-linux-x86_64-debian-gcc | 3.5.1 | 186.21 | 107.32 | 293.53 | NOTE | |
r-devel-linux-x86_64-fedora-clang | 3.5.1 | 476.63 | NOTE | |||
r-devel-linux-x86_64-fedora-gcc | 3.5.1 | 486.34 | NOTE | |||
r-devel-windows-x86_64-new-UL | 3.5.1 | 140.00 | 201.00 | 341.00 | NOTE | |
r-patched-linux-x86_64 | 3.5.1 | 149.19 | 136.12 | 285.31 | NOTE | |
r-release-linux-x86_64 | 3.5.1 | 143.96 | 127.64 | 271.60 | NOTE | |
r-release-macos-arm64 | 3.5.1 | NOTE | ||||
r-release-macos-x86_64 | 3.5.1 | NOTE | ||||
r-release-windows-ix86+x86_64 | 3.5.1 | 423.00 | 216.00 | 639.00 | NOTE | |
r-oldrel-macos-x86_64 | 3.5.1 | NOTE | ||||
r-oldrel-windows-ix86+x86_64 | 3.5.1 | 424.00 | 233.00 | 657.00 | NOTE |
Version: 3.5.1
Check: for GNU extensions in Makefiles
Result: NOTE
GNU make is a SystemRequirements.
Flavors: r-devel-linux-x86_64-debian-clang, r-devel-linux-x86_64-debian-gcc, r-devel-linux-x86_64-fedora-clang, r-devel-linux-x86_64-fedora-gcc, r-devel-windows-x86_64-new-UL, r-patched-linux-x86_64, r-release-linux-x86_64, r-release-macos-arm64, r-release-macos-x86_64, r-release-windows-ix86+x86_64, r-oldrel-macos-x86_64, r-oldrel-windows-ix86+x86_64
Version: 3.5.1
Check: installed package size
Result: NOTE
installed size is 37.5Mb
sub-directories of 1Mb or more:
libs 36.8Mb
Flavors: r-devel-linux-x86_64-fedora-clang, r-release-macos-arm64, r-release-macos-x86_64, r-release-windows-ix86+x86_64, r-oldrel-macos-x86_64, r-oldrel-windows-ix86+x86_64