Last updated on 2022-04-08 01:48:43 CEST.
Flavor | Version | Tinstall | Tcheck | Ttotal | Status | Flags |
---|---|---|---|---|---|---|
r-devel-linux-x86_64-debian-clang | 0.9.6 | 30.88 | 112.23 | 143.11 | NOTE | |
r-devel-linux-x86_64-debian-gcc | 0.9.6 | 26.33 | 81.62 | 107.95 | NOTE | |
r-devel-linux-x86_64-fedora-clang | 0.9.6 | 180.67 | NOTE | |||
r-devel-linux-x86_64-fedora-gcc | 0.9.6 | 157.18 | NOTE | |||
r-devel-windows-x86_64-new-UL | 0.9.6 | 83.00 | 156.00 | 239.00 | NOTE | |
r-patched-linux-x86_64 | 0.9.6 | 29.01 | 104.21 | 133.22 | NOTE | |
r-release-linux-x86_64 | 0.9.6 | 28.31 | 99.85 | 128.16 | NOTE | |
r-release-macos-arm64 | 0.9.6 | NOTE | ||||
r-release-macos-x86_64 | 0.9.6 | NOTE | ||||
r-release-windows-ix86+x86_64 | 0.9.6 | 75.00 | 175.00 | 250.00 | NOTE | |
r-oldrel-macos-x86_64 | 0.9.6 | NOTE | ||||
r-oldrel-windows-ix86+x86_64 | 0.9.6 | 76.00 | 173.00 | 249.00 | NOTE |
Version: 0.9.6
Check: LazyData
Result: NOTE
'LazyData' is specified without a 'data' directory
Flavors: r-devel-linux-x86_64-debian-clang, r-devel-linux-x86_64-debian-gcc, r-devel-linux-x86_64-fedora-clang, r-devel-linux-x86_64-fedora-gcc, r-devel-windows-x86_64-new-UL, r-patched-linux-x86_64, r-release-linux-x86_64, r-release-macos-arm64, r-release-macos-x86_64, r-release-windows-ix86+x86_64
Version: 0.9.6
Check: installed package size
Result: NOTE
installed size is 5.7Mb
sub-directories of 1Mb or more:
extdata 2.1Mb
libs 2.8Mb
Flavors: r-release-macos-arm64, r-release-macos-x86_64, r-release-windows-ix86+x86_64, r-oldrel-macos-x86_64, r-oldrel-windows-ix86+x86_64