Last updated on 2022-04-08 01:48:43 CEST.
Flavor | Version | Tinstall | Tcheck | Ttotal | Status | Flags |
---|---|---|---|---|---|---|
r-devel-linux-x86_64-debian-clang | 0.4-4 | 10.86 | 376.86 | 387.72 | OK | |
r-devel-linux-x86_64-debian-gcc | 0.4-4 | 9.59 | 295.06 | 304.65 | OK | |
r-devel-linux-x86_64-fedora-clang | 0.4-4 | 465.64 | OK | |||
r-devel-linux-x86_64-fedora-gcc | 0.4-4 | 478.82 | OK | |||
r-devel-windows-x86_64-new-UL | 0.4-4 | 30.00 | 556.00 | 586.00 | OK | |
r-patched-linux-x86_64 | 0.4-4 | 10.12 | 398.13 | 408.25 | OK | |
r-release-linux-x86_64 | 0.4-4 | 8.14 | 336.55 | 344.69 | OK | |
r-release-macos-arm64 | 0.4-4 | NOTE | ||||
r-release-macos-x86_64 | 0.4-4 | OK | ||||
r-release-windows-ix86+x86_64 | 0.4-4 | 23.00 | 501.00 | 524.00 | OK | |
r-oldrel-macos-x86_64 | 0.4-4 | OK | ||||
r-oldrel-windows-ix86+x86_64 | 0.4-4 | 22.00 | 502.00 | 524.00 | OK |
Version: 0.4-4
Check: package dependencies
Result: NOTE
Packages suggested but not available for checking: 'dclone', 'dcmle'
Flavor: r-release-macos-arm64