CRAN Package Check Results for Package denseFLMM

Last updated on 2022-04-08 01:48:43 CEST.

Flavor Version Tinstall Tcheck Ttotal Status Flags
r-devel-linux-x86_64-debian-clang 0.1.2 8.31 78.38 86.69 NOTE
r-devel-linux-x86_64-debian-gcc 0.1.2 5.92 59.35 65.27 NOTE
r-devel-linux-x86_64-fedora-clang 0.1.2 102.21 NOTE
r-devel-linux-x86_64-fedora-gcc 0.1.2 91.74 NOTE
r-devel-windows-x86_64-new-UL 0.1.2 16.00 96.00 112.00 NOTE
r-patched-linux-x86_64 0.1.2 7.40 75.15 82.55 NOTE
r-release-linux-x86_64 0.1.2 6.85 71.14 77.99 NOTE
r-release-macos-arm64 0.1.2 NOTE
r-release-macos-x86_64 0.1.2 NOTE
r-release-windows-ix86+x86_64 0.1.2 16.00 82.00 98.00 NOTE
r-oldrel-macos-x86_64 0.1.2 NOTE
r-oldrel-windows-ix86+x86_64 0.1.2 17.00 105.00 122.00 OK

Check Details

Version: 0.1.2
Check: LazyData
Result: NOTE
     'LazyData' is specified without a 'data' directory
Flavors: r-devel-linux-x86_64-debian-clang, r-devel-linux-x86_64-debian-gcc, r-devel-linux-x86_64-fedora-clang, r-devel-linux-x86_64-fedora-gcc, r-devel-windows-x86_64-new-UL, r-patched-linux-x86_64, r-release-linux-x86_64, r-release-macos-arm64, r-release-macos-x86_64, r-release-windows-ix86+x86_64

Version: 0.1.2
Check: dependencies in R code
Result: NOTE
    Namespace in Imports field not imported from: ‘mvtnorm’
     All declared Imports should be used.
Flavors: r-devel-linux-x86_64-fedora-clang, r-devel-linux-x86_64-fedora-gcc, r-release-macos-arm64, r-release-macos-x86_64, r-oldrel-macos-x86_64