CRAN Package Check Results for Package deepMOU

Last updated on 2022-04-08 01:48:43 CEST.

Flavor Version Tinstall Tcheck Ttotal Status Flags
r-devel-linux-x86_64-debian-clang 0.1.1 8.80 80.91 89.71 OK
r-devel-linux-x86_64-debian-gcc 0.1.1 5.36 59.27 64.63 OK
r-devel-linux-x86_64-fedora-clang 0.1.1 105.16 NOTE
r-devel-linux-x86_64-fedora-gcc 0.1.1 90.08 NOTE
r-devel-windows-x86_64-new-UL 0.1.1 23.00 103.00 126.00 OK
r-patched-linux-x86_64 0.1.1 8.24 74.48 82.72 OK
r-release-linux-x86_64 0.1.1 6.64 72.84 79.48 OK
r-release-macos-arm64 0.1.1 NOTE
r-release-macos-x86_64 0.1.1 NOTE
r-release-windows-ix86+x86_64 0.1.1 18.00 84.00 102.00 OK
r-oldrel-macos-x86_64 0.1.1 NOTE
r-oldrel-windows-ix86+x86_64 0.1.1 17.00 89.00 106.00 OK

Check Details

Version: 0.1.1
Check: dependencies in R code
Result: NOTE
    Namespace in Imports field not imported from: ‘dplyr’
     All declared Imports should be used.
Flavors: r-devel-linux-x86_64-fedora-clang, r-devel-linux-x86_64-fedora-gcc, r-release-macos-arm64, r-release-macos-x86_64, r-oldrel-macos-x86_64