CRAN Package Check Results for Package decido

Last updated on 2022-04-08 01:48:43 CEST.

Flavor Version Tinstall Tcheck Ttotal Status Flags
r-devel-linux-x86_64-debian-clang 0.3.0 20.52 42.45 62.97 NOTE
r-devel-linux-x86_64-debian-gcc 0.3.0 14.82 33.65 48.47 NOTE
r-devel-linux-x86_64-fedora-clang 0.3.0 84.87 NOTE
r-devel-linux-x86_64-fedora-gcc 0.3.0 67.40 NOTE
r-devel-windows-x86_64-new-UL 0.3.0 35.00 86.00 121.00 NOTE
r-patched-linux-x86_64 0.3.0 16.86 42.07 58.93 NOTE
r-release-linux-x86_64 0.3.0 14.48 38.52 53.00 NOTE
r-release-macos-arm64 0.3.0 NOTE
r-release-macos-x86_64 0.3.0 NOTE
r-release-windows-ix86+x86_64 0.3.0 47.00 78.00 125.00 NOTE
r-oldrel-macos-x86_64 0.3.0 OK
r-oldrel-windows-ix86+x86_64 0.3.0 47.00 79.00 126.00 OK

Check Details

Version: 0.3.0
Check: LazyData
Result: NOTE
     'LazyData' is specified without a 'data' directory
Flavors: r-devel-linux-x86_64-debian-clang, r-devel-linux-x86_64-debian-gcc, r-devel-linux-x86_64-fedora-clang, r-devel-linux-x86_64-fedora-gcc, r-devel-windows-x86_64-new-UL, r-patched-linux-x86_64, r-release-linux-x86_64, r-release-macos-arm64, r-release-macos-x86_64, r-release-windows-ix86+x86_64