Last updated on 2022-04-08 01:48:43 CEST.
Flavor | Version | Tinstall | Tcheck | Ttotal | Status | Flags |
---|---|---|---|---|---|---|
r-devel-linux-x86_64-debian-clang | 1.3.13 | 177.98 | 137.33 | 315.31 | OK | |
r-devel-linux-x86_64-debian-gcc | 1.3.13 | 131.16 | 102.97 | 234.13 | OK | |
r-devel-linux-x86_64-fedora-clang | 1.3.13 | 447.46 | NOTE | |||
r-devel-linux-x86_64-fedora-gcc | 1.3.13 | 375.27 | OK | |||
r-devel-windows-x86_64-new-UL | 1.3.13 | 185.00 | 194.00 | 379.00 | OK | |
r-patched-linux-x86_64 | 1.3.13 | 146.32 | 132.39 | 278.71 | OK | |
r-release-linux-x86_64 | 1.3.13 | 138.33 | 129.76 | 268.09 | OK | |
r-release-macos-arm64 | 1.3.13 | OK | ||||
r-release-macos-x86_64 | 1.3.13 | OK | ||||
r-release-windows-ix86+x86_64 | 1.3.13 | 423.00 | 213.00 | 636.00 | OK | |
r-oldrel-macos-x86_64 | 1.3.13 | OK | ||||
r-oldrel-windows-ix86+x86_64 | 1.3.13 | 424.00 | 220.00 | 644.00 | OK |
Version: 1.3.13
Check: Rd cross-references
Result: NOTE
Undeclared package ‘fda.usc’ in Rd xrefs
Flavor: r-devel-linux-x86_64-fedora-clang