Last updated on 2022-04-08 01:48:43 CEST.
Flavor | Version | Tinstall | Tcheck | Ttotal | Status | Flags |
---|---|---|---|---|---|---|
r-devel-linux-x86_64-debian-clang | 2.3-0 | 20.31 | 158.92 | 179.23 | OK | |
r-devel-linux-x86_64-debian-gcc | 2.3-0 | 12.76 | 117.56 | 130.32 | OK | |
r-devel-linux-x86_64-fedora-clang | 2.3-0 | 211.80 | OK | |||
r-devel-linux-x86_64-fedora-gcc | 2.3-0 | 196.00 | OK | |||
r-devel-windows-x86_64-new-UL | 2.3-0 | 35.00 | 182.00 | 217.00 | NOTE | |
r-patched-linux-x86_64 | 2.3-0 | 18.39 | 152.47 | 170.86 | OK | |
r-release-linux-x86_64 | 2.3-0 | 10.35 | 142.55 | 152.90 | OK | |
r-release-macos-arm64 | 2.3-0 | NOTE | ||||
r-release-macos-x86_64 | 2.3-0 | NOTE | ||||
r-release-windows-ix86+x86_64 | 2.3-0 | 36.00 | 162.00 | 198.00 | OK | |
r-oldrel-macos-x86_64 | 2.3-0 | NOTE | ||||
r-oldrel-windows-ix86+x86_64 | 2.3-0 | 35.00 | 166.00 | 201.00 | OK |
Version: 2.3-0
Check: package dependencies
Result: NOTE
Package suggested but not available for checking: 'BRugs'
Flavors: r-devel-windows-x86_64-new-UL, r-release-macos-arm64, r-release-macos-x86_64, r-oldrel-macos-x86_64