CRAN Package Check Results for Package dbnlearn

Last updated on 2022-04-08 01:48:43 CEST.

Flavor Version Tinstall Tcheck Ttotal Status Flags
r-devel-linux-x86_64-debian-clang 0.1.0 1.90 48.66 50.56 NOTE
r-devel-linux-x86_64-debian-gcc 0.1.0 1.93 36.72 38.65 NOTE
r-devel-linux-x86_64-fedora-clang 0.1.0 61.21 NOTE
r-devel-linux-x86_64-fedora-gcc 0.1.0 49.36 NOTE
r-devel-windows-x86_64-new-UL 0.1.0 11.00 65.00 76.00 NOTE
r-patched-linux-x86_64 0.1.0 1.91 45.63 47.54 NOTE
r-release-linux-x86_64 0.1.0 1.93 44.42 46.35 NOTE
r-release-macos-arm64 0.1.0 NOTE
r-release-macos-x86_64 0.1.0 NOTE
r-release-windows-ix86+x86_64 0.1.0 8.00 53.00 61.00 NOTE
r-oldrel-macos-x86_64 0.1.0 NOTE
r-oldrel-windows-ix86+x86_64 0.1.0 9.00 55.00 64.00 OK

Check Details

Version: 0.1.0
Check: LazyData
Result: NOTE
     'LazyData' is specified without a 'data' directory
Flavors: r-devel-linux-x86_64-debian-clang, r-devel-linux-x86_64-debian-gcc, r-devel-linux-x86_64-fedora-clang, r-devel-linux-x86_64-fedora-gcc, r-devel-windows-x86_64-new-UL, r-patched-linux-x86_64, r-release-linux-x86_64, r-release-macos-arm64, r-release-macos-x86_64, r-release-windows-ix86+x86_64

Version: 0.1.0
Check: dependencies in R code
Result: NOTE
    Namespace in Imports field not imported from: ‘ggplot2’
     All declared Imports should be used.
Flavors: r-devel-linux-x86_64-fedora-clang, r-devel-linux-x86_64-fedora-gcc, r-release-macos-arm64, r-release-macos-x86_64, r-oldrel-macos-x86_64