Last updated on 2022-04-08 01:48:43 CEST.
Flavor | Version | Tinstall | Tcheck | Ttotal | Status | Flags |
---|---|---|---|---|---|---|
r-devel-linux-x86_64-debian-clang | 0.1.0 | 7.44 | 118.03 | 125.47 | OK | |
r-devel-linux-x86_64-debian-gcc | 0.1.0 | 5.64 | 89.41 | 95.05 | OK | |
r-devel-linux-x86_64-fedora-clang | 0.1.0 | 152.27 | NOTE | |||
r-devel-linux-x86_64-fedora-gcc | 0.1.0 | 158.09 | NOTE | |||
r-devel-windows-x86_64-new-UL | 0.1.0 | 39.00 | 138.00 | 177.00 | OK | |
r-patched-linux-x86_64 | 0.1.0 | 5.63 | 112.29 | 117.92 | OK | |
r-release-linux-x86_64 | 0.1.0 | 5.21 | 108.82 | 114.03 | OK | |
r-release-macos-arm64 | 0.1.0 | NOTE | ||||
r-release-macos-x86_64 | 0.1.0 | NOTE | ||||
r-release-windows-ix86+x86_64 | 0.1.0 | 16.00 | 137.00 | 153.00 | OK | |
r-oldrel-macos-x86_64 | 0.1.0 | NOTE | ||||
r-oldrel-windows-ix86+x86_64 | 0.1.0 | 16.00 | 139.00 | 155.00 | OK |
Version: 0.1.0
Check: data for non-ASCII characters
Result: NOTE
Note: found 109157 marked UTF-8 strings
Flavors: r-devel-linux-x86_64-fedora-clang, r-devel-linux-x86_64-fedora-gcc, r-release-macos-arm64, r-release-macos-x86_64, r-oldrel-macos-x86_64