Last updated on 2022-04-08 01:48:43 CEST.
Flavor | Version | Tinstall | Tcheck | Ttotal | Status | Flags |
---|---|---|---|---|---|---|
r-devel-linux-x86_64-debian-clang | 0.3.1 | 41.29 | 302.68 | 343.97 | OK | |
r-devel-linux-x86_64-debian-gcc | 0.3.1 | 34.20 | 225.19 | 259.39 | OK | |
r-devel-linux-x86_64-fedora-clang | 0.3.1 | 406.40 | NOTE | |||
r-devel-linux-x86_64-fedora-gcc | 0.3.1 | 425.39 | OK | |||
r-devel-windows-x86_64-new-UL | 0.3.1 | 43.00 | 280.00 | 323.00 | NOTE | |
r-patched-linux-x86_64 | 0.3.1 | 31.33 | 289.27 | 320.60 | OK | |
r-release-linux-x86_64 | 0.3.1 | 27.97 | 260.75 | 288.72 | OK | |
r-release-macos-arm64 | 0.3.1 | NOTE | ||||
r-release-macos-x86_64 | 0.3.1 | NOTE | ||||
r-release-windows-ix86+x86_64 | 0.3.1 | 82.00 | 267.00 | 349.00 | NOTE | |
r-oldrel-macos-x86_64 | 0.3.1 | NOTE | ||||
r-oldrel-windows-ix86+x86_64 | 0.3.1 | 85.00 | 289.00 | 374.00 | NOTE |
Version: 0.3.1
Check: installed package size
Result: NOTE
installed size is 5.8Mb
sub-directories of 1Mb or more:
data 5.7Mb
Flavors: r-devel-linux-x86_64-fedora-clang, r-devel-windows-x86_64-new-UL, r-release-macos-arm64, r-release-macos-x86_64, r-release-windows-ix86+x86_64, r-oldrel-macos-x86_64, r-oldrel-windows-ix86+x86_64