CRAN Package Check Results for Package crimeutils

Last updated on 2022-04-08 01:48:43 CEST.

Flavor Version Tinstall Tcheck Ttotal Status Flags
r-devel-linux-x86_64-debian-clang 0.3.0 3.98 52.66 56.64 NOTE
r-devel-linux-x86_64-debian-gcc 0.3.0 2.44 40.70 43.14 NOTE
r-devel-linux-x86_64-fedora-clang 0.3.0 67.65 NOTE
r-devel-linux-x86_64-fedora-gcc 0.3.0 59.81 NOTE
r-devel-windows-x86_64-new-UL 0.3.0 28.00 68.00 96.00 NOTE
r-patched-linux-x86_64 0.3.0 4.27 49.82 54.09 NOTE
r-release-linux-x86_64 0.3.0 3.51 48.44 51.95 NOTE
r-release-macos-arm64 0.3.0 NOTE
r-release-macos-x86_64 0.3.0 NOTE
r-release-windows-ix86+x86_64 0.3.0 9.00 60.00 69.00 NOTE
r-oldrel-macos-x86_64 0.3.0 OK
r-oldrel-windows-ix86+x86_64 0.3.0 9.00 61.00 70.00 OK

Check Details

Version: 0.3.0
Check: LazyData
Result: NOTE
     'LazyData' is specified without a 'data' directory
Flavors: r-devel-linux-x86_64-debian-clang, r-devel-linux-x86_64-debian-gcc, r-devel-linux-x86_64-fedora-clang, r-devel-linux-x86_64-fedora-gcc, r-devel-windows-x86_64-new-UL, r-patched-linux-x86_64, r-release-linux-x86_64, r-release-macos-arm64, r-release-macos-x86_64, r-release-windows-ix86+x86_64