CRAN Package Check Results for Package crimelinkage

Last updated on 2022-04-08 01:48:43 CEST.

Flavor Version Tinstall Tcheck Ttotal Status Flags
r-devel-linux-x86_64-debian-clang 0.0.4 4.22 100.44 104.66 NOTE
r-devel-linux-x86_64-debian-gcc 0.0.4 3.54 74.90 78.44 NOTE
r-devel-linux-x86_64-fedora-clang 0.0.4 124.91 NOTE
r-devel-linux-x86_64-fedora-gcc 0.0.4 119.82 NOTE
r-devel-windows-x86_64-new-UL 0.0.4 96.00 136.00 232.00 NOTE
r-patched-linux-x86_64 0.0.4 5.15 94.80 99.95 NOTE
r-release-linux-x86_64 0.0.4 4.76 51.16 55.92 NOTE
r-release-macos-arm64 0.0.4 NOTE
r-release-macos-x86_64 0.0.4 NOTE
r-release-windows-ix86+x86_64 0.0.4 7.00 62.00 69.00 NOTE
r-oldrel-macos-x86_64 0.0.4 NOTE
r-oldrel-windows-ix86+x86_64 0.0.4 7.00 66.00 73.00 NOTE

Check Details

Version: 0.0.4
Check: DESCRIPTION meta-information
Result: NOTE
    BugReports field is not a suitable URL but contains an email address:
     use the Contact field instead
Flavors: r-devel-linux-x86_64-debian-clang, r-devel-linux-x86_64-debian-gcc, r-devel-linux-x86_64-fedora-clang, r-devel-linux-x86_64-fedora-gcc, r-devel-windows-x86_64-new-UL, r-patched-linux-x86_64, r-release-linux-x86_64, r-release-macos-arm64, r-release-macos-x86_64, r-release-windows-ix86+x86_64, r-oldrel-macos-x86_64, r-oldrel-windows-ix86+x86_64