CRAN Package Check Results for Package cpss

Last updated on 2022-04-08 01:48:42 CEST.

Flavor Version Tinstall Tcheck Ttotal Status Flags
r-devel-linux-x86_64-debian-clang 0.0.2 80.06 90.47 170.53 NOTE
r-devel-linux-x86_64-debian-gcc 0.0.2 63.89 67.76 131.65 NOTE
r-devel-linux-x86_64-fedora-clang 0.0.2 231.69 NOTE
r-devel-linux-x86_64-fedora-gcc 0.0.2 215.66 NOTE
r-devel-windows-x86_64-new-UL 0.0.2 75.00 123.00 198.00 NOTE
r-patched-linux-x86_64 0.0.2 71.67 86.26 157.93 NOTE
r-release-linux-x86_64 0.0.2 65.16 82.76 147.92 NOTE
r-release-macos-arm64 0.0.2 NOTE
r-release-macos-x86_64 0.0.2 NOTE
r-release-windows-ix86+x86_64 0.0.2 175.00 135.00 310.00 NOTE
r-oldrel-macos-x86_64 0.0.2 OK
r-oldrel-windows-ix86+x86_64 0.0.2 178.00 144.00 322.00 OK

Check Details

Version: 0.0.2
Check: LazyData
Result: NOTE
     'LazyData' is specified without a 'data' directory
Flavors: r-devel-linux-x86_64-debian-clang, r-devel-linux-x86_64-debian-gcc, r-devel-linux-x86_64-fedora-clang, r-devel-linux-x86_64-fedora-gcc, r-devel-windows-x86_64-new-UL, r-patched-linux-x86_64, r-release-linux-x86_64, r-release-macos-arm64, r-release-macos-x86_64, r-release-windows-ix86+x86_64

Version: 0.0.2
Check: installed package size
Result: NOTE
     installed size is 5.1Mb
     sub-directories of 1Mb or more:
     libs 4.9Mb
Flavor: r-release-macos-arm64