CRAN Package Check Results for Package cord

Last updated on 2022-04-08 01:48:42 CEST.

Flavor Version Tinstall Tcheck Ttotal Status Flags
r-devel-linux-x86_64-debian-clang 0.1.1 42.66 35.41 78.07 OK
r-devel-linux-x86_64-debian-gcc 0.1.1 31.70 28.21 59.91 OK
r-devel-linux-x86_64-fedora-clang 0.1.1 108.07 NOTE
r-devel-linux-x86_64-fedora-gcc 0.1.1 94.31 NOTE
r-devel-windows-x86_64-new-UL 0.1.1 39.00 74.00 113.00 OK
r-patched-linux-x86_64 0.1.1 34.30 34.73 69.03 OK
r-release-linux-x86_64 0.1.1 32.82 33.80 66.62 OK
r-release-macos-arm64 0.1.1 OK
r-release-macos-x86_64 0.1.1 OK
r-release-windows-ix86+x86_64 0.1.1 99.00 64.00 163.00 OK
r-oldrel-macos-x86_64 0.1.1 OK
r-oldrel-windows-ix86+x86_64 0.1.1 101.00 67.00 168.00 OK

Check Details

Version: 0.1.1
Check: compiled code
Result: NOTE
    File ‘cord/libs/cord.so’:
     Found no calls to: ‘R_registerRoutines’, ‘R_useDynamicSymbols’
    
    It is good practice to register native routines and to disable symbol
    search.
    
    See ‘Writing portable packages’ in the ‘Writing R Extensions’ manual.
Flavors: r-devel-linux-x86_64-fedora-clang, r-devel-linux-x86_64-fedora-gcc